{"id":10,"date":"2023-05-24T07:31:10","date_gmt":"2023-05-24T07:31:10","guid":{"rendered":"https:\/\/stv-einsiedeln.ch\/jubilaeum_2025\/?page_id=10"},"modified":"2025-10-30T09:01:41","modified_gmt":"2025-10-30T09:01:41","slug":"jubilaeum-2025","status":"publish","type":"page","link":"https:\/\/stv-einsiedeln.ch\/jubilaeum_2025\/","title":{"rendered":"Jubil\u00e4um 2025"},"content":{"rendered":"<p>[et_pb_section fb_built=&#8220;1&#8243; _builder_version=&#8220;4.21.0&#8243; _module_preset=&#8220;default&#8220; global_colors_info=&#8220;{}&#8220;][et_pb_row _builder_version=&#8220;4.21.0&#8243; _module_preset=&#8220;default&#8220; global_colors_info=&#8220;{}&#8220;][et_pb_column type=&#8220;4_4&#8243; _builder_version=&#8220;4.21.0&#8243; _module_preset=&#8220;default&#8220; global_colors_info=&#8220;{}&#8220;][et_pb_text _builder_version=&#8220;4.21.0&#8243; _module_preset=&#8220;default&#8220; header_font=&#8220;|600|||||||&#8220; header_text_color=&#8220;#E30513&#8243; header_font_size=&#8220;36px&#8220; header_line_height=&#8220;1.2em&#8220; header_2_font=&#8220;|600|||||||&#8220; header_2_font_size=&#8220;24px&#8220; header_2_line_height=&#8220;1.4em&#8220; header_font_size_tablet=&#8220;26px&#8220; header_font_size_phone=&#8220;22px&#8220; header_font_size_last_edited=&#8220;on|desktop&#8220; header_2_font_size_tablet=&#8220;20px&#8220; header_2_font_size_phone=&#8220;19px&#8220; header_2_font_size_last_edited=&#8220;on|phone&#8220; global_colors_info=&#8220;{}&#8220;]<\/p>\n<h1>1950\u22122025: 75 Jahre<br \/>Damenturnverein und M\u00e4nnerturnverein Einsiedeln<\/h1>\n<h2>Im 2025 feiern der Damenturnverein und M\u00e4nnerturnverein Einsiedeln ihr 75-j\u00e4hriges Jubil\u00e4um.<\/h2>\n<p>&nbsp;<\/p>\n<p>Die Festschrift 2000\u22122025 k\u00f6nnt ihr hier anschauen und downloaden:<\/p>\n<p>[\/et_pb_text][\/et_pb_column][\/et_pb_row][et_pb_row column_structure=&#8220;1_2,1_2&#8243; _builder_version=&#8220;4.21.0&#8243; _module_preset=&#8220;default&#8220; global_colors_info=&#8220;{}&#8220;][et_pb_column type=&#8220;1_2&#8243; _builder_version=&#8220;4.21.0&#8243; _module_preset=&#8220;default&#8220; global_colors_info=&#8220;{}&#8220;][et_pb_image src=&#8220;https:\/\/stv-einsiedeln.ch\/jubilaeum_2025\/wp-content\/uploads\/2025\/10\/Festschrift_Damen_US.jpg&#8220; alt=&#8220;Damenturnverein Festschrift 2000&#8243; title_text=&#8220;Festschrift_Damen_US&#8220; url=&#8220;https:\/\/stv-einsiedeln.ch\/jubilaeum_2025\/wp-content\/uploads\/2025\/10\/Festschrift_Damen_2025_web.pdf&#8220; url_new_window=&#8220;on&#8220; _builder_version=&#8220;4.21.0&#8243; _module_preset=&#8220;default&#8220; hover_enabled=&#8220;0&#8243; box_shadow_style=&#8220;preset2&#8243; global_colors_info=&#8220;{}&#8220; sticky_enabled=&#8220;0&#8243;][\/et_pb_image][\/et_pb_column][et_pb_column type=&#8220;1_2&#8243; _builder_version=&#8220;4.21.0&#8243; _module_preset=&#8220;default&#8220; global_colors_info=&#8220;{}&#8220;][et_pb_image src=&#8220;https:\/\/stv-einsiedeln.ch\/jubilaeum_2025\/wp-content\/uploads\/2025\/10\/Festschrift_Maenner_US.jpg&#8220; alt=&#8220;M\u00e4nnerriege Festschrift 2000&#8243; title_text=&#8220;Festschrift_Maenner_US&#8220; url=&#8220;https:\/\/stv-einsiedeln.ch\/jubilaeum_2025\/wp-content\/uploads\/2025\/10\/Festschrift_Maenner_2025_web.pdf&#8220; url_new_window=&#8220;on&#8220; _builder_version=&#8220;4.21.0&#8243; _module_preset=&#8220;default&#8220; hover_enabled=&#8220;0&#8243; box_shadow_style=&#8220;preset2&#8243; global_colors_info=&#8220;{}&#8220; sticky_enabled=&#8220;0&#8243;][\/et_pb_image][\/et_pb_column][\/et_pb_row][et_pb_row _builder_version=&#8220;4.21.0&#8243; _module_preset=&#8220;default&#8220; global_colors_info=&#8220;{}&#8220;][et_pb_column type=&#8220;4_4&#8243; _builder_version=&#8220;4.21.0&#8243; _module_preset=&#8220;default&#8220; global_colors_info=&#8220;{}&#8220;][et_pb_text _builder_version=&#8220;4.21.0&#8243; _module_preset=&#8220;default&#8220; header_font=&#8220;|600|||||||&#8220; header_text_color=&#8220;#E30513&#8243; header_font_size=&#8220;36px&#8220; header_line_height=&#8220;1.2em&#8220; header_2_font=&#8220;|600|||||||&#8220; header_2_font_size=&#8220;24px&#8220; header_2_line_height=&#8220;1.4em&#8220; header_font_size_tablet=&#8220;26px&#8220; header_font_size_phone=&#8220;22px&#8220; header_font_size_last_edited=&#8220;on|desktop&#8220; header_2_font_size_tablet=&#8220;20px&#8220; header_2_font_size_phone=&#8220;19px&#8220; header_2_font_size_last_edited=&#8220;on|phone&#8220; global_colors_info=&#8220;{}&#8220;]<\/p>\n<p>Die Festschrift von 1950\u22122000 k\u00f6nnt ihr hier anschauen und downloaden:<\/p>\n<p>[\/et_pb_text][\/et_pb_column][\/et_pb_row][et_pb_row column_structure=&#8220;1_2,1_2&#8243; _builder_version=&#8220;4.21.0&#8243; _module_preset=&#8220;default&#8220; global_colors_info=&#8220;{}&#8220;][et_pb_column type=&#8220;1_2&#8243; _builder_version=&#8220;4.21.0&#8243; _module_preset=&#8220;default&#8220; global_colors_info=&#8220;{}&#8220;][et_pb_image src=&#8220;https:\/\/stv-einsiedeln.ch\/jubilaeum_2025\/wp-content\/uploads\/2023\/05\/Damenturnverein_2000.jpg&#8220; alt=&#8220;Damenturnverein Festschrift 2000&#8243; title_text=&#8220;Damenturnverein_2000&#8243; url=&#8220;https:\/\/stv-einsiedeln.ch\/jubilaeum_2025\/wp-content\/uploads\/2023\/05\/50_Jahre_Damenturnverein_2000_300pi.pdf&#8220; url_new_window=&#8220;on&#8220; _builder_version=&#8220;4.21.0&#8243; _module_preset=&#8220;default&#8220; box_shadow_style=&#8220;preset2&#8243; global_colors_info=&#8220;{}&#8220;][\/et_pb_image][\/et_pb_column][et_pb_column type=&#8220;1_2&#8243; _builder_version=&#8220;4.21.0&#8243; _module_preset=&#8220;default&#8220; global_colors_info=&#8220;{}&#8220;][et_pb_image src=&#8220;https:\/\/stv-einsiedeln.ch\/jubilaeum_2025\/wp-content\/uploads\/2023\/05\/Maennerriege_2000.jpg&#8220; alt=&#8220;M\u00e4nnerriege Festschrift 2000&#8243; title_text=&#8220;Maennerriege_2000&#8243; url=&#8220;https:\/\/stv-einsiedeln.ch\/jubilaeum_2025\/wp-content\/uploads\/2023\/05\/50_Jahre_Maennerriege_2000_300pi.pdf&#8220; url_new_window=&#8220;on&#8220; _builder_version=&#8220;4.21.0&#8243; _module_preset=&#8220;default&#8220; box_shadow_style=&#8220;preset2&#8243; global_colors_info=&#8220;{}&#8220;][\/et_pb_image][\/et_pb_column][\/et_pb_row][\/et_pb_section]<\/p>\n","protected":false},"excerpt":{"rendered":"<p>1950\u22122025: 75 JahreDamenturnverein und M\u00e4nnerturnverein Einsiedeln Im 2025 feiern der Damenturnverein und M\u00e4nnerturnverein Einsiedeln ihr 75-j\u00e4hriges Jubil\u00e4um. &nbsp; Die Festschrift 2000\u22122025 k\u00f6nnt ihr hier anschauen und downloaden:Die Festschrift von 1950\u22122000 k\u00f6nnt ihr hier anschauen und downloaden:<\/p>\n","protected":false},"author":1,"featured_media":0,"parent":0,"menu_order":0,"comment_status":"closed","ping_status":"closed","template":"","meta":{"_et_pb_use_builder":"on","_et_pb_old_content":"","_et_gb_content_width":"","footnotes":""},"class_list":["post-10","page","type-page","status-publish","hentry"],"_links":{"self":[{"href":"https:\/\/stv-einsiedeln.ch\/jubilaeum_2025\/wp-json\/wp\/v2\/pages\/10","targetHints":{"allow":["GET"]}}],"collection":[{"href":"https:\/\/stv-einsiedeln.ch\/jubilaeum_2025\/wp-json\/wp\/v2\/pages"}],"about":[{"href":"https:\/\/stv-einsiedeln.ch\/jubilaeum_2025\/wp-json\/wp\/v2\/types\/page"}],"author":[{"embeddable":true,"href":"https:\/\/stv-einsiedeln.ch\/jubilaeum_2025\/wp-json\/wp\/v2\/users\/1"}],"replies":[{"embeddable":true,"href":"https:\/\/stv-einsiedeln.ch\/jubilaeum_2025\/wp-json\/wp\/v2\/comments?post=10"}],"version-history":[{"count":10,"href":"https:\/\/stv-einsiedeln.ch\/jubilaeum_2025\/wp-json\/wp\/v2\/pages\/10\/revisions"}],"predecessor-version":[{"id":45,"href":"https:\/\/stv-einsiedeln.ch\/jubilaeum_2025\/wp-json\/wp\/v2\/pages\/10\/revisions\/45"}],"wp:attachment":[{"href":"https:\/\/stv-einsiedeln.ch\/jubilaeum_2025\/wp-json\/wp\/v2\/media?parent=10"}],"curies":[{"name":"wp","href":"https:\/\/api.w.org\/{rel}","templated":true}]}}